 - 1. Let j(w) = c(w) + 2*u(w). Determine j(-4).
-9
Let x(k) = -2*k + 1 + 7*k - k. Give x(-2).
-7
Let c(k) = 3*k**3 - 6*k**2 + k - 2. Let n(i) = 7*i**3 - 13*i**2 + 2*i - 4. Let o(j) = 5*c(j) - 2*n(j). Determine o(3).
-8
Let g = 11 + -9. Let c(s) = s - 7 - s**3 - 6*s - g*s - 3*s**2 - 3*s**2. Determine c(-5).
3
Let f(q) = q. Let l(h) be the first derivative of 3*h**2 + 2*h + 18. Suppose 3*r + 2*v = -r + 8, -2*r = 5*v + 4. Let g(j) = r*f(j) - l(j). Calculate g(-3).
7
Let d = -14 - -18. Let q(n) be the second derivative of n**4/12 - 5*n**3/6 - n**2 + 2*n. Calculate q(d).
-6
Suppose -s - 4*s = 10. Let h(a) be the third derivative of -a**6/120 - a**5/60 - a**4/8 - a**3/3 + 6*a**2. Calculate h(s).
8
Let h(u) = -6*u**2 - u - 1. Suppose -4*s + 2*c + 26 = 0, 4*s + 2*c - c - 17 = 0. Let o = s - 6. Give h(o).
-6
Suppose 7*d - 14 = -7. Let r(z) be the third derivative of -1/60*z**5 + 0*z + 0*z**3 + z**2 + 1/12*z**4 + 0. Give r(d).
1
Let j(r) = 122*r**2 + 6 + r**3 - 4*r - 129*r**2 - 4*r. Give j(8).
6
Let b(h) be the third derivative of h**5/60 + 4*h**3/3 - h**2. Let d be 2/8 + (-8)/32. Give b(d).
8
Let z(s) = 9*s - 1 + 4 + 0*s - 12*s. Determine z(4).
-9
Suppose 3*c = -2*c + 30. Let h(f) = 3*f**2 - 6*f**2 - 6*f + 4*f**2. Determine h(c).
0
Let l(w) be the first derivative of w**4 + w**3/3 + w**2/2 + w + 2. Suppose -6*z + z = 5. Let j = -2 - z. Determine l(j).
-3
Suppose l - 2*l = 0. Let z(h) = -h**3 + 2*h**2 + 4*h. Let p be z(3). Let w(o) = -2*o + 3 + p*o + 0*o. Calculate w(l).
3
Let l(d) = -1 + 2 - 2*d - 2*d + 2*d. Let z = -6 + 2. Determine l(z).
9
Let h(a) = -7*a + 1. Let y(q) = -q**2 - 3*q + 5. Let i(r) = r**2 + 4*r - 1. Let n be i(-3). Let k be y(n). What is h(k)?
-6
Let d(f) = f**2 + 5*f. Let l = 9 + -15. Determine d(l).
6
Let a(g) = -g**3 + 4*g**2 + g - 2. Let p = 9 - 7. Let l be -3 - (2 - (11 - p)). What is a(l)?
2
Suppose -z + 4*v + 20 = -0*z, -3*v - 15 = -z. Let k(o) be the second derivative of 0 + z*o**2 + 1/6*o**3 + o. What is k(2)?
2
Let d(k) be the second derivative of -k**5/60 - 3*k**2/2 - 5*k. Let c(t) be the first derivative of d(t). Suppose -3*o + 3 = -0. Calculate c(o).
-1
Let b(s) = -s + s**2 - 1 + 34*s**3 - 40*s**3 - 2*s**2. Determine b(-1).
5
Let v(m) be the first derivative of m**5/5 + m**4/6 - m**2/2 - 5*m + 7. Let s(k) be the first derivative of v(k). What is s(-1)?
-3
Let w(p) = -p + 2. Let y be 4/(-6 - 2)*-4. Calculate w(y).
0
Let h(a) = -a**2 - 5*a - 4. Let u be h(-3). Let b(c) be the first derivative of 2 + 1/3*c**3 + 3*c - 5/2*c**u. Calculate b(4).
-1
Suppose 1 = -7*g + 8. Let c(m) = -6*m. Give c(g).
-6
Let q(h) = 3*h - 15. Let w be q(6). Let i(d) = -d**2 + 2*d + 3. Give i(w).
0
Let h(y) = -2*y + 6. Suppose -2*d = -0*d - 8. Suppose 4*u + 4*f - 36 = 0, -d*u + 39 = 2*f + 3*f. Calculate h(u).
-6
Let f(t) = -t**3 - 3*t**2. Let k be f(-3). Suppose -4*y - 16 = -k*y. Let i(n) = -3*n**2 + 4*n**3 - 2*n**3 + 2 + 4 - 3*n**3 + 7*n. Give i(y).
-6
Let q(u) = u**2 + 4*u + 2. Let n be (2 + 2)/((-4)/(-2)). Suppose 3*j = -0*j - 2*s, -4*j - n*s = 0. Suppose 2*h + 13 = -5*y, 0 = -y - j*h - 3*h. Give q(y).
-1
Let s(j) = 5*j**3 + 2*j**2 + 4*j + 2. Let n be (-6)/30 + (-42)/(-10). Let w(h) = 6*h**3 + 2*h**2 + 5*h + 3. Let c(l) = n*w(l) - 5*s(l). Determine c(-3).
11
Let q(c) = 19 - 7 + c - 12. Let m = 1 + 0. What is q(m)?
1
Let v be 2/7 - 20/(-28). Let w(y) = -8*y**2 + 2*y - 1. Determine w(v).
-7
Let k(d) = d**3 - 3*d**2 + 2*d - 3. Let c = 8 - 0. Suppose 2*l = -c, 4*u + 3 = -3*l - 1. Determine k(u).
-3
Let m(l) be the third derivative of 0*l - 1/60*l**5 + 5/24*l**4 + 0*l**3 - 2*l**2 + 0. What is m(6)?
-6
Let y(j) = j**2 - 2 - 7 + 4 + 6*j. Let h = 4 - 1. Let f be (h + -1)/((-4)/10). Determine y(f).
-10
Let n(r) = 2*r**2 + 5*r + 4. Let f be n(-2). Let o(u) = 3*u**2 - 4*u + 3. What is o(f)?
7
Let j(m) = -m**2 - 6*m. Let s be j(-5). Let f(h) = h**3 - 4*h**2 - 4*h - 3. What is f(s)?
2
Let w(j) = j**2 - 1. Suppose 4*i + 61 = -23. Let a = 22 + i. What is w(a)?
0
Suppose -5*g + 12 = -4*f, -2*f + 2*g = 2 + 4. Let a(b) = 5*b**2 + b + 6. Let y(p) = -11*p**2 - 2*p - 13. Let d(u) = -9*a(u) - 4*y(u). Give d(f).
-8
Let d(s) = -s + 7. Let y(u) = 4*u**2 + 2*u - 1. Let a be y(1). Let t be d(a). Let z(j) = -5 + 1 + 2*j - t*j + 3*j. Determine z(3).
5
Let u(k) = 2*k**2 + 2*k - 3. Let p(z) = z**2 + z - 1. Let t(f) = 5*p(f) - 3*u(f). Give t(-3).
-2
Suppose h = 1 + 10. Suppose 5*d = 5*j - 25, h = 2*d + 5*j - 0*j. Let i(x) = 3*x + 1. Calculate i(d).
-5
Let m(j) be the second derivative of -2*j**3/3 + 2*j**2 - 38*j. Calculate m(-3).
16
Suppose 52*p + 4 = 50*p. Let t(k) = -4*k - 3. Determine t(p).
5
Let z(a) be the third derivative of a**5/60 - a**4/3 + 3*a**3/2 - 34*a**2. What is z(6)?
-3
Let k be ((-2)/6)/((-6)/36). Let j = 0 - k. Let n(y) = y**3 - 2*y - 1. Determine n(j).
-5
Let u(r) = 7*r - 1. Let v be u(1). Let n(l) = -l + 3. Let a(c) = 2*c - 6. Let t(g) = 3*a(g) + 5*n(g). What is t(v)?
3
Let c(g) = -g**3 - 8 + 14*g - 6*g**2 - g**2 - 23*g. Determine c(-6).
10
Let u(s) be the second derivative of s**3/3 - s**2/2 - 27*s. Determine u(-1).
-3
Let a = -1 - -7. Suppose 0 = 3*p + 15 - a. Let r be (1/p)/((-4)/12). Let f(m) = 8*m**3 + m - 1. Determine f(r).
8
Suppose 0 = 2*k - k + 3*j + 22, -3*k = -j + 26. Let d be 4/(-6) - k/6. Let r(f) = 6*f**3 - f**2 + 1. Calculate r(d).
6
Let y(q) = 5*q**3 - 6*q**2 + 2*q. Let p(u) = -6*u**3 + 7*u**2 - 2*u. Let o(n) = -4*p(n) - 5*y(n). Calculate o(2).
-4
Let o(s) be the second derivative of s**3/6 + 3*s**2/2 - 9*s. Calculate o(5).
8
Let h be ((-1)/(-1) - 2) + 3. Let p(a) = -2*a - 3*a + a + 2*a - a**h. Determine p(-3).
-3
Let d(u) = 11*u - u**2 + 5 - 5 - 7. Determine d(10).
3
Suppose 4 = 2*b - 4. Let u(j) = 2*j. Let o(h) = -h**2 - 9*h - 1. Let m(g) = o(g) + 6*u(g). Calculate m(b).
-5
Let j(k) = 6*k + 1. Let s(m) = -m - 1. Let y(b) = -j(b) - 5*s(b). What is y(4)?
0
Let x(r) = -8*r + 1. Let t(z) = 17*z - 3. Let f(u) = -2*t(u) - 5*x(u). Let s be f(-1). Let v(q) = -q**3 - 5*q**2 + 2*q + 3. What is v(s)?
-7
Suppose -w - 10 = -3*q + w, 20 = 3*q - 4*w. Let y(m) = -m - 1. Give y(q).
-1
Let k be 62/6 + 8/12. Suppose -m + 3*y - 9 = m, y = -2*m + k. Let a(o) = -o**3 + 2*o**2 + 5*o - 2. Determine a(m).
4
Suppose d + p = -3, -3 = -0*d + 2*d - p. Let i = d + 6. Suppose -a = i*a + 15. Let r(z) = -z - 3. Give r(a).
0
Let l(i) = 3*i - 2. Let g be l(-1). Let a(d) = -d**3 - 6*d**2 + 3. Give a(g).
-22
Let d be 2/(-2*1/(-4)). Let h = -4 + d. Let t = 0 + h. Let v(k) = k + 8. Give v(t).
8
Let f(r) = 4*r**2 + 16*r - 16. Let c(s) = 3*s**2 + 11*s - 11. Let m(n) = 7*c(n) - 5*f(n). What is m(3)?
3
Let c be 4/(-20)*-5 + (-3 - -1). Let a(s) = 7*s**2 - 5*s - 1 + s + 2*s. Calculate a(c).
8
Let p(i) = -2*i + i**2 + 5 + 0*i - 2. Let c(x) = x + 7. Let g be c(-6). Suppose 1 = q - g. What is p(q)?
3
Suppose -2 = -4*j + 6. Let x(z) = z**2 - j*z**2 - 4*z + 2*z**2. Suppose -8*s = -u - 3*s + 2, -3*s = -u + 2. What is x(u)?
-4
Let h(v) = v + 12. Let m(a) = a - 20. Let c be m(15). Let l = -11 - c. Determine h(l).
6
Let k(s) = 4*s**2 + 9*s + 3. Let t(h) = 3*h**2 + 6*h + 2. Let l(o) = -5*k(o) + 7*t(o). Give l(3).
-1
Let g(a) be the second derivative of -a**5/20 - 7*a**4/12 - 7*a**3/6 + a**2 + 30*a. What is g(-6)?
8
Let g(n) be the third derivative of -n**2 + 1/3*n**3 + 0*n + 1/8*n**4 + 0 - 1/60*n**5. Let i = -5 - -8. Determine g(i).
2
Let l(c) = c**2 + 4 + 0*c**2 + 3*c + 2*c. Suppose 2*i + 1 = 7. Suppose 23 = -5*r - g, -2*r - 2*g + 9 = -i*r. What is l(r)?
4
Let r(t) = -3 + 5 + 0 - t + 1. Suppose 2*q + n - 24 = -3*n, q - 15 = -3*n. Determine r(q).
-3
Let g(v) = v - 1. Let k be (-2)/(-8) + (-237)/(-12). Let t be (-3)/(4/(k/(-3))). Let n be g(t). Let u(w) = -w**3 + 3*w**2 + 3*w + 1. Calculate u(n).
-3
Let m(t) = -5*t**2 + 2*t - 7. Let z(o) = -4*o**2 + o - 6. Suppose 5*i + 40 = 5*c, -4*i + 1 - 3 = 2*c. Let p(a) = c*m(a) - 6*z(a). Calculate p(3).
4
Let t = 5 - 4. Let w = 2 + t. Let z(d) = -d + 2. Determine z(w).
-1
Let a(u) = 4*u**3 + u**2. Let x be a(-1). Let r be -3*(5/x + 3). Let n(j) = -j - 4. What is n(r)?
0
Let f(c) = -1 - 4*c**2 - 214*c - 4*c**2 + 206*c + 3 + c**3. Calculate f(9).
11
Let h(r) be the first derivative of r**4/12 + 5*r**3/6 - r**2 + r + 2. Let k(a) be the first derivative of h(a). Give k(-3).
-8
Suppose q + 31 = 4*j + 6, 0 = 3*j - 4*q - 35. Let a(b) = 9*b - 1 + 4 - 8*b. Det